ctors of 901.
17, 53
What are the prime factors of 34405?
5, 7, 983
List the prime factors of 32978.
2, 11, 1499
List the prime factors of 548.
2, 137
What are the prime factors of 1585?
5, 317
List the prime factors of 7714.
2, 7, 19, 29
List the prime factors of 782.
2, 17, 23
What are the prime factors of 1489?
1489
What are the prime factors of 3080?
2, 5, 7, 11
What are the prime factors of 2664?
2, 3, 37
What are the prime factors of 35452?
2, 8863
List the prime factors of 340.
2, 5, 17
What are the prime factors of 1442?
2, 7, 103
List the prime factors of 6386.
2, 31, 103
What are the prime factors of 3009?
3, 17, 59
What are the prime factors of 31072?
2, 971
What are the prime factors of 72543?
3, 24181
List the prime factors of 48942.
2, 3, 2719
List the prime factors of 302.
2, 151
What are the prime factors of 10241?
7, 11, 19
List the prime factors of 66083.
66083
List the prime factors of 4286.
2, 2143
What are the prime factors of 61571?
23, 2677
List the prime factors of 7467.
3, 19, 131
List the prime factors of 42338.
2, 21169
List the prime factors of 796.
2, 199
What are the prime factors of 9893?
13, 761
What are the prime factors of 4481?
4481
What are the prime factors of 6464?
2, 101
What are the prime factors of 153?
3, 17
What are the prime factors of 33177?
3, 11059
List the prime factors of 37154.
2, 13, 1429
What are the prime factors of 1936?
2, 11
List the prime factors of 131.
131
List the prime factors of 10619.
7, 37, 41
What are the prime factors of 551?
19, 29
What are the prime factors of 32458?
2, 16229
What are the prime factors of 61056?
2, 3, 53
List the prime factors of 1603.
7, 229
List the prime factors of 3190.
2, 5, 11, 29
List the prime factors of 10686.
2, 3, 13, 137
List the prime factors of 2251.
2251
What are the prime factors of 974?
2, 487
What are the prime factors of 7621?
7621
List the prime factors of 26.
2, 13
List the prime factors of 3401.
19, 179
List the prime factors of 2426.
2, 1213
What are the prime factors of 13084?
2, 3271
What are the prime factors of 9058?
2, 7, 647
What are the prime factors of 10482?
2, 3, 1747
List the prime factors of 57213.
3, 13, 163
What are the prime factors of 4774?
2, 7, 11, 31
List the prime factors of 17258.
2, 8629
List the prime factors of 37540.
2, 5, 1877
What are the prime factors of 5501?
5501
List the prime factors of 7200.
2, 3, 5
What are the prime factors of 21033?
3, 19, 41
What are the prime factors of 1161?
3, 43
List the prime factors of 12879.
3, 53
What are the prime factors of 40444?
2, 10111
List the prime factors of 11873.
31, 383
What are the prime factors of 47635?
5, 7, 1361
What are the prime factors of 31566?
2, 3, 5261
What are the prime factors of 1563?
3, 521
List the prime factors of 3698.
2, 43
What are the prime factors of 15103?
11, 1373
List the prime factors of 798.
2, 3, 7, 19
What are the prime factors of 103643?
103643
List the prime factors of 6467.
29, 223
List the prime factors of 284.
2, 71
List the prime factors of 723.
3, 241
List the prime factors of 13724.
2, 47, 73
List the prime factors of 2783.
11, 23
What are the prime factors of 93878?
2, 73, 643
What are the prime factors of 4281?
3, 1427
What are the prime factors of 12389?
13, 953
What are the prime factors of 46534?
2, 53, 439
What are the prime factors of 170?
2, 5, 17
List the prime factors of 66674.
2, 17, 37, 53
List the prime factors of 2359.
7, 337
What are the prime factors of 16199?
97, 167
What are the prime factors of 6011?
6011
What are the prime factors of 2147?
19, 113
List the prime factors of 8857.
17, 521
List the prime factors of 420.
2, 3, 5, 7
What are the prime factors of 37965?
3, 5, 2531
List the prime factors of 29439.
3, 3271
What are the prime factors of 385?
5, 7, 11
List the prime factors of 8839.
8839
List the prime factors of 101814.
2, 3, 71, 239
List the prime factors of 6142.
2, 37, 83
What are the prime factors of 6617?
13, 509
What are the prime factors of 2204?
2, 19, 29
List the prime factors of 1493.
1493
What are the prime factors of 2220?
2, 3, 5, 37
What are the prime factors of 1968?
2, 3, 41
List the prime factors of 13447.
7, 17, 113
What are the prime factors of 11320?
2, 5, 283
What are the prime factors of 2571?
3, 857
What are the prime factors of 26087?
19, 1373
List the prime factors of 4510.
2, 5, 11, 41
List the prime factors of 24888.
2, 3, 17, 61
What are the prime factors of 501?
3, 167
List the prime factors of 750.
2, 3, 5
What are the prime factors of 27658?
2, 13829
What are the prime factors of 6132?
2, 3, 7, 73
What are the prime factors of 431?
431
List the prime factors of 12957.
3, 7, 617
List the prime factors of 16123.
23, 701
What are the prime factors of 106659?
3, 7, 1693
What are the prime factors of 39874?
2, 19937
What are the prime factors of 1142?
2, 571
List the prime factors of 122544.
2, 3, 23, 37
List the prime factors of 12666.
2, 3, 2111
List the prime factors of 1033.
1033
What are the prime factors of 400?
2, 5
List the prime factors of 32223.
3, 23, 467
What are the prime factors of 62890?
2, 5, 19, 331
What are the prime factors of 6036?
2, 3, 503
What are the prime factors of 10769?
11, 89
List the prime factors of 3103.
29, 107
What are the prime factors of 6290?
2, 5, 17, 37
What are the prime factors of 4237?
19, 223
List the prime factors of 1227.
3, 409
List the prime factors of 164706.
2, 3, 97, 283
What are the prime factors of 42653?
13, 17, 193
List the prime factors of 1854.
2, 3, 103
List the prime factors of 2988.
2, 3, 83
What are the prime factors of 6084?
2, 3, 13
What are the prime factors of 51233?
7, 13, 563
What are the prime factors of 541?
541
What are the prime factors of 1473?
3, 491
What are the prime factors of 44630?
2, 5, 4463
List the prime factors of 2193.
3, 17, 43
List the prime factors of 7135.
5, 1427
What are the prime factors of 41783?
7, 47, 127
What are the prime factors of 7027?
7027
List the prime factors of 1414.
2, 7, 101
What are the prime factors of 32172?
2, 3, 7, 383
What are the prime factors of 959?
7, 137
What are the prime factors of 14192?
2, 887
List the prime factors of 3109.
3109
List the prime factors of 17835.
3, 5, 29, 41
What are the prime factors of 10097?
23, 439
List the prime factors of 301.
7, 43
List the prime factors of 9101.
19, 479
What are the prime factors of 2412?
2, 3, 67
What are the prime factors of 16813?
17, 23, 43
List the prime factors of 21308.
2, 7, 761
What are the prime factors of 49593?
3, 61, 271
List the prime factors of 1215.
3, 5
What are the prime factors of 1750?
2, 5, 7
List the prime factors of 287.
7, 41
What are the prime factors of 589?
19, 31
List the prime factors of 2868.
2, 3, 239
What are the prime factors of 111866?
2, 55933
What are the prime factors of 3989?
3989
What are the prime factors of 12132?
2, 3, 337
What are the prime factors of 89376?
2, 3, 7, 19
List the prime factors of 1725.
3, 5, 23
List the prime factors of 4362.
2, 3, 727
What are the prime factors of 1061?
1061
What are the prime factors of 17649?
3, 37, 53
What are the prime factors of 14327?
14327
List the prime factors of 31459.
163, 193
List the prime factors of 8381.
17, 29
What are the prime factors of 145241?
61, 2381
List the prime factors of 4616.
2, 577
What are the prime factors of 43648?
2, 11, 31
What are the prime factors of 4715?
5, 23, 41
List the prime factors of 11376.
2, 3, 79
What are the prime factors of 6454?
2, 7, 461
What are the prime factors of 23007?
3, 7669
What are the prime factors of 1251?
3, 139
What are the prime factors of 19355?
5, 7, 79
List the prime factors of 799.
17, 47
List the prime factors of 13803.
3, 43, 107
List the prime factors of 238.
2, 7, 17
List the prime factors of 2709.
3, 7, 43
List the prime factors of 544.
2, 17
What are the prime factors of 54556?
2, 23, 593
What are the prime factors of 2990?
2, 5, 13, 23
What are the prime factors of 8510?
2, 5, 23, 37
List the prime factors of 1679.
23, 73
List the prime factors of 195475.
5, 7, 1117
List the prime factors of 54407.
41, 1327
What are the prime factors of 6904?
2, 863
List the prime factors of 55538.
2, 7, 3967
What are the prime factors of 5130?
2, 3, 5, 19
What are the prime fac